{"id":101,"date":"2017-12-31T11:39:27","date_gmt":"2017-12-31T11:39:27","guid":{"rendered":"http:\/\/kajulacakes.cz\/?page_id=101"},"modified":"2024-02-05T19:27:51","modified_gmt":"2024-02-05T19:27:51","slug":"uvod","status":"publish","type":"page","link":"https:\/\/kajulacakes.cz\/","title":{"rendered":"V\u00edtejte"},"content":{"rendered":"\r\n<div class=\"wp-block-media-text alignwide is-stacked-on-mobile\">\r\n<figure class=\"wp-block-media-text__media\"><\/figure>\r\n<div class=\"wp-block-media-text__content\">\r\n<p>&nbsp;<\/p>\r\n<\/div>\r\n<\/div>\r\n\r\n<p style=\"text-align: center;\"><span style=\"color: #ff0000;\"><b>adresa: Franti\u0161kovsk\u00e1 130, Liberec<\/b><\/span><\/p>\r\n<p style=\"text-align: center;\">eshop s vyzvednut\u00edm ve studiu: <a href=\"http:\/\/www.kajulacakes.sebou.cz\">www.kajulacakes.sebou.cz<\/a><\/p>\r\n<p>&nbsp;<\/p>\r\n<p>&nbsp;<\/p>\r\n<p style=\"text-align: center;\">\u00a0<\/p>\r\n\r\n<p class=\"has-small-font-size\">\u00a0<\/p>\r\n","protected":false},"excerpt":{"rendered":"<p>&nbsp; adresa: Franti\u0161kovsk\u00e1 130, Liberec eshop s vyzvednut\u00edm ve studiu: www.kajulacakes.sebou.cz &nbsp; &nbsp; \u00a0 \u00a0<\/p>\n","protected":false},"author":1,"featured_media":0,"parent":0,"menu_order":1,"comment_status":"open","ping_status":"closed","template":"","meta":{"footnotes":""},"_links":{"self":[{"href":"https:\/\/kajulacakes.cz\/index.php?rest_route=\/wp\/v2\/pages\/101"}],"collection":[{"href":"https:\/\/kajulacakes.cz\/index.php?rest_route=\/wp\/v2\/pages"}],"about":[{"href":"https:\/\/kajulacakes.cz\/index.php?rest_route=\/wp\/v2\/types\/page"}],"author":[{"embeddable":true,"href":"https:\/\/kajulacakes.cz\/index.php?rest_route=\/wp\/v2\/users\/1"}],"replies":[{"embeddable":true,"href":"https:\/\/kajulacakes.cz\/index.php?rest_route=%2Fwp%2Fv2%2Fcomments&post=101"}],"version-history":[{"count":70,"href":"https:\/\/kajulacakes.cz\/index.php?rest_route=\/wp\/v2\/pages\/101\/revisions"}],"predecessor-version":[{"id":1927,"href":"https:\/\/kajulacakes.cz\/index.php?rest_route=\/wp\/v2\/pages\/101\/revisions\/1927"}],"wp:attachment":[{"href":"https:\/\/kajulacakes.cz\/index.php?rest_route=%2Fwp%2Fv2%2Fmedia&parent=101"}],"curies":[{"name":"wp","href":"https:\/\/api.w.org\/{rel}","templated":true}]}}